k. What is the units digit of k?
9
Let p(o) = 10*o - 3 + 0*o - 1 + 15. What is the units digit of p(9)?
1
Let u(b) = -b**2 + 116*b - 83. What is the units digit of u(26)?
7
Suppose -3*a + 2*a = 3*r - 1, 0 = 3*a - 3. What is the units digit of (r - -1 - -14) + 3 + -1?
7
What is the tens digit of (-37)/(2109/(-190))*(-669)/(-2)?
1
Let q(i) = -11*i + 30. What is the hundreds digit of q(-20)?
2
Let x(v) = -6*v**3 - 4 + v - 5*v**3 + 0 - 9*v**3. What is the hundreds digit of x(-2)?
1
Let i be (0/(-2))/((-5)/5 + -1). Let v(c) = -c + 222. What is the hundreds digit of v(i)?
2
Let a(w) = 14*w**3 - 64*w**2 + 9*w - 5. What is the thousands digit of a(8)?
3
Let g(b) = 2*b**3 + 51*b**2 + 3*b - 8. What is the tens digit of g(-25)?
4
Suppose 2*g = c - 2679, 5*g = -2*c - 896 + 6272. What is the thousands digit of c?
2
Suppose x + 25 = 5*h - 5, -3*h - x = -10. Suppose 3*j + 4*w - 2*w = 54, h*j = 2*w + 90. What is the units digit of j?
8
Let r = 2455 - 1401. What is the units digit of r?
4
Let n(h) = -2*h + 43. Let a be n(18). Suppose 194 = -a*g + 9*g. What is the tens digit of g?
9
What is the units digit of (176/(-5))/((-430)/(-150) - 3)?
4
Let t = -124 - -284. What is the tens digit of t?
6
What is the tens digit of -5 + 1 + 224 - -5?
2
Let l = -17 + 22. Suppose -l*x = 2*q + 47, -3*q - 48 = -0*q + 3*x. Let w(d) = -d**3 - 11*d**2 - 4*d - 9. What is the units digit of w(q)?
5
Let f = 1212 + -792. What is the hundreds digit of f?
4
Suppose 22 = 4*b + 2*u, -b + 2*u - 25 = -6*b. Suppose -b*y + 4 = -8. Suppose h + 4*h = y*i + 262, h + i - 47 = 0. What is the tens digit of h?
5
Let f = 13 - -5. Suppose -a + 87 = f. What is the units digit of a?
9
Let y(n) = 12*n**2 - 1. Let m be y(1). Suppose -3*p + 2*i + m = -53, 3*p = -5*i + 92. Let s = -17 + p. What is the units digit of s?
7
Let a(x) = -x**3 - 28*x**2 + 59*x - 27. Let p be a(-30). Suppose -3*l - 2*j + 696 = -j, -p*j = -4*l + 915. What is the hundreds digit of l?
2
Let v be (-2 - 1) + (1 - 768/(-4)). Suppose 6*a - v = 602. What is the units digit of a?
2
Let d(h) = h**2 - 12*h + 4. Let g be d(12). Suppose -6*t + g = -5*t. Suppose -t*o - 47 - 29 = -3*s, s + 2*o = 42. What is the tens digit of s?
3
Suppose 43 = -5*r - 12. Let z(p) = p**3 + 11*p**2 + 5. Let o be z(r). Suppose -3*x + 71 - o = 0. What is the tens digit of x?
2
What is the units digit of 2 + 31/((-248)/(-44080))?
2
Suppose -4*y - 252 = -2*k, -3*k = -3*y - 506 + 125. Let w be 1/(-8) - (-4112)/k. Let o = w + 0. What is the units digit of o?
2
Let m(t) = 2*t - 16. Let k be (-63)/(-14) - 9/(-6). Let w be m(k). What is the units digit of (-2)/w*47*2?
7
Suppose 2*r + 3*r + 7362 = 3*l, 4*l = -2*r + 9816. What is the hundreds digit of l?
4
Let g(o) = -o**3 - 14*o**2 + 21*o + 14. Let v be g(-15). Let p = 243 + v. What is the tens digit of p?
6
Let s(d) = 110*d + 29. What is the tens digit of s(4)?
6
What is the hundreds digit of 21/14 - 2038/(-4)?
5
Let o = -25 - -22. What is the tens digit of ((-53)/3)/(1/o)?
5
Suppose -12 = -4*w, -4*h + 2*w - 5*w = -1. Let m be 264/15 + h/(-5). Suppose -m = -3*o + f - 2, -3*o + 4*f = -1. What is the units digit of o?
7
Let u = 3176 + -742. What is the tens digit of u?
3
Let i(k) = -k + 8. Let o be i(8). Suppose o = -r - 3*t - 2 + 3, -t - 1 = 0. Suppose 8 = q - r. What is the units digit of q?
2
Let r(q) = 573*q - 2. Let l be r(1). Suppose -l = -6*f + 551. Suppose 3*g - f = -5*u, -u + 52 - 11 = -3*g. What is the units digit of u?
8
Let r(x) = x**3 - 6*x**2 + 5*x - 2. Let y be r(3). Let t = y + 65. What is the units digit of t?
1
Suppose -5*d - 255 = -725. Let k = d + -59. What is the units digit of k?
5
Let j = 1458 + -1109. What is the units digit of j?
9
Suppose 12 = -3*j + 27. Suppose j*s = f + 285, -2*s + 2*f = 3*s - 280. What is the tens digit of s?
5
Suppose -79 - 105 = -2*c. Let u = c - 37. What is the units digit of u?
5
Suppose -22 = 2*k - k. Let r = k - -23. What is the units digit of r?
1
Let h(d) = 2*d + 3 - 1 + 23*d**2 + 7*d - 6*d. What is the tens digit of h(-1)?
2
Let n(o) = -125*o + 222. What is the tens digit of n(-12)?
2
What is the tens digit of ((-4)/(-10))/(9/3285)?
4
Let p = -51 + 12. Let t = 21 - p. What is the tens digit of t?
6
Let z(f) = -f**3 + 10*f**2 - 11*f + 15. Let j be z(9). What is the tens digit of 404/6 - (-1)/j?
6
Let c be (-1444)/(-133) - 2/(-14). Suppose -3*g + 497 = c. What is the tens digit of g?
6
Let a(f) = 15*f**2 + 2*f - 3. What is the tens digit of a(-13)?
0
Let n be (-4 - 1)*(-8)/5. Let o(u) be the second derivative of u**5/20 - u**4/2 - 2*u**3 + 2*u**2 + 18*u + 1. What is the tens digit of o(n)?
3
Suppose n + 0*n + 2*a - 10 = 0, -3*a + 18 = 3*n. Suppose -n*w - w - 6 = 0. What is the units digit of ((-43)/w)/(10/20)?
3
Let s(w) be the second derivative of w**6/45 + w**5/120 + w**4/12 + 2*w. Let g(d) be the third derivative of s(d). What is the units digit of g(2)?
3
Suppose -3*d + 1224 = -11*d. Let i = d - -326. What is the units digit of i?
3
Let t(s) = -s**3 + 5*s**2 + 6*s + 7. Let i be t(6). Suppose -4*r = -i*r + 15. Suppose -r*g - 3*v + 239 = 0, v - 2*v + 3 = 0. What is the units digit of g?
6
Suppose 0 = 5*t + 3*z - 22336, 0 = -7*t + 8*t - 2*z - 4475. What is the thousands digit of t?
4
Suppose o - 5*o = 3*q - 405, 0 = -4*o + 2*q + 410. What is the units digit of 4 + -1 - o/(-3)?
7
Suppose -9*z - 5*l - 7024 = -12*z, 0 = -2*z - 2*l + 4688. What is the tens digit of z?
4
Let b be (100/(-6))/((-2)/18). Suppose 2*x + 4*o = 3*x - b, 3*x = 2*o + 400. Suppose -7*u = -2*u - x. What is the units digit of u?
6
Let y(h) = -3*h**2 - 12*h - 7. Let d(c) = -c**2 - 4*c - 2. Let v(g) = 11*d(g) - 4*y(g). Let r be v(-4). What is the units digit of (-4)/r + 33/9?
3
Let j = 7337 - 3409. What is the units digit of j?
8
Suppose -9*h + 10*h - 6 = 0. Suppose h*l - 280 = l. What is the tens digit of l?
5
Suppose 0 = -5*g - 15, 497 = 4*p + 2*g - 953. What is the tens digit of p?
6
Let b = 518 - -22. What is the hundreds digit of b?
5
Suppose 4*u = 3*u + 8. Suppose -u = 2*d - 18. Suppose 0 = 2*t + 3*x - 0 - 2, 0 = -5*t - 5*x + d. What is the units digit of t?
1
Let z(x) be the first derivative of x**2 - 8*x - 1. Let j be z(7). What is the units digit of (2/2)/(2/j)?
3
Suppose 0 = -5*v + z + 689 + 1279, 5*v - 5*z = 1980. What is the hundreds digit of v?
3
Let w(z) = -307*z + 4. Suppose -4 = 8*k + 4. What is the hundreds digit of w(k)?
3
Let u be 0 - 3 - (-11 + 28). Let h = 52 + u. What is the units digit of h?
2
Suppose c + 3 = -z, -2*z - 2*z = -3*c + 19. Let r be ((c - -1) + -11)*-5. Suppose -d + 1 = -r. What is the tens digit of d?
4
Let o(j) = j**3 + 34*j**2 + 85*j + 16. What is the units digit of o(-31)?
4
Suppose 109*y - 40799 = 204887. What is the tens digit of y?
5
Let r(o) = -o**3 - 75*o**2 - 168*o - 167. What is the units digit of r(-73)?
9
Let h = 1 - -26. Let z = -4 + h. What is the tens digit of z?
2
Let k(u) = -2*u**2 + 16 + 0*u**2 + 3*u + u**2 - 10*u. What is the units digit of k(-7)?
6
Suppose 3*u = -6 + 21. Suppose -2*d = -3*b - 4*d + 691, u*b - 1145 = -5*d. Suppose -j + 5*i + 10 = -32, -b = -5*j + 2*i. What is the tens digit of j?
4
Suppose -5*h = -25 - 240. Let a be (1 - 2)*(-1 - h). Suppose -4*c + 3*s = s - 82, -4*s = -3*c + a. What is the tens digit of c?
2
Suppose -517 = 7*g - 13. Let m = 90 + g. What is the units digit of m?
8
Let c be 3/(-9)*2*-69. Suppose -4*v + 3*v = 5*g - c, 0 = 4*g. What is the tens digit of v?
4
Let h(n) = 3*n**3 - 6*n**2 + n + 4. Let o be h(4). Let u = 176 - o. What is the tens digit of u?
7
What is the tens digit of (-20)/30*(6455/(-10) + -1)?
3
Suppose -8 - 12 = 4*o. Let m(l) be the third derivative of -l**6/120 - l**5/12 - l**4/4 + l**3 - l**2. What is the units digit of m(o)?
6
Let n = 32 - 29. What is the units digit of n/(-2)*1400/(-60)?
5
Let g be (-4)/(-5) + 228/15. Suppose -g*t + 21*t - 10 = 0. Suppose -p + t = -8. What is the units digit of p?
0
Let p(u) = 29*u**3 - u**2 + u + 7. What is the units digit of p(2)?
7
Let w = 12 - 16. Let j be w/(0 - 1/7). Suppose -2*v = -j - 26. What is the tens digit of v?
2
What is the tens digit of 12557/9 + 30/(-135)?
9
Let p = 5 + 71. Let d = -72 + p. What is the units digit of d?
4
Let m(c) = 21*c**3 - 4*c**2 + 4*c + 2. What is the units digit of m(3)?
5
Let k(l) = 2*l**3 - 2*l**2 - l - 6. Let r be k(5). Let